
1236329
List the prime factors of 715860.
2, 3, 5, 41, 97
What are the prime factors of 124317?
3, 19, 727
What are the prime factors of 337764?
2, 3, 7, 4021
List the prime factors of 9168648.
2, 3, 103, 3709
What are the prime factors of 62684?
2, 15671
What are the prime factors of 228041?
11, 20731
What are the prime factors of 28144633?
11, 283, 9041
List the prime factors of 10377860.
2, 5, 518893
What are the prime factors of 5552275?
5, 19, 11689
What are the prime factors of 2637532?
2, 181, 3643
List the prime factors of 1742364.
2, 3, 13, 17, 73
List the prime factors of 7630.
2, 5, 7, 109
What are the prime factors of 263532?
2, 3, 21961
What are the prime factors of 932437?
11, 29, 37, 79
What are the prime factors of 215125?
5, 1721
What are the prime factors of 212648?
2, 19, 1399
List the prime factors of 2615872.
2, 7, 5839
List the prime factors of 38641818.
2, 3, 6440303
List the prime factors of 302542.
2, 23, 6577
What are the prime factors of 32375?
5, 7, 37
What are the prime factors of 703328?
2, 31, 709
List the prime factors of 10355764.
2, 503, 5147
List the prime factors of 6648.
2, 3, 277
List the prime factors of 5952516.
2, 3, 17, 29179
List the prime factors of 225352.
2, 17, 1657
What are the prime factors of 251814?
2, 3, 41969
List the prime factors of 1006996.
2, 29, 8681
List the prime factors of 1139959.
1139959
What are the prime factors of 2656657?
109, 24373
What are the prime factors of 283062?
2, 3, 13, 19, 191
List the prime factors of 227493.
3, 7, 23, 157
What are the prime factors of 190521?
3, 21169
What are the prime factors of 3855342?
2, 3, 642557
What are the prime factors of 1686717?
3, 179, 349
List the prime factors of 4171494.
2, 3, 17, 40897
What are the prime factors of 267382?
2, 133691
What are the prime factors of 68910?
2, 3, 5, 2297
What are the prime factors of 495716?
2, 13, 9533
What are the prime factors of 1815733?
1815733
What are the prime factors of 486390?
2, 3, 5, 31, 523
List the prime factors of 167997.
3, 29, 1931
What are the prime factors of 266023?
266023
What are the prime factors of 4974314?
2, 19, 79, 1657
What are the prime factors of 4443585?
3, 5, 59, 5021
What are the prime factors of 193606?
2, 7, 13829
What are the prime factors of 1695675?
3, 5, 23, 983
What are the prime factors of 350638?
2, 199, 881
List the prime factors of 1136203.
1136203
List the prime factors of 35503395.
3, 5, 17, 29, 4801
List the prime factors of 24195591.
3, 7, 139, 307
List the prime factors of 757137.
3, 23, 10973
List the prime factors of 624381.
3, 23, 9049
List the prime factors of 1165151.
13, 89627
What are the prime factors of 1137289?
1137289
What are the prime factors of 1259689?
1259689
List the prime factors of 290049.
3, 109, 887
What are the prime factors of 2014666?
2, 139, 7247
What are the prime factors of 14246504?
2, 19, 4933
What are the prime factors of 4458195?
3, 5, 7, 14153
List the prime factors of 34511825.
5, 373, 3701
List the prime factors of 294318.
2, 3, 83, 197
What are the prime factors of 2192?
2, 137
What are the prime factors of 804433?
7, 16417
List the prime factors of 289032.
2, 3, 12043
What are the prime factors of 443677?
13, 34129
List the prime factors of 9388514.
2, 541, 8677
What are the prime factors of 2868861?
3, 157, 6091
List the prime factors of 10091.
10091
What are the prime factors of 13371930?
2, 3, 5, 11, 13, 1039
What are the prime factors of 218169?
3, 7, 3463
What are the prime factors of 21375?
3, 5, 19
What are the prime factors of 9369680?
2, 5, 173, 677
What are the prime factors of 401887?
401887
List the prime factors of 151308.
2, 3, 467
List the prime factors of 1410309.
3, 349, 449
List the prime factors of 5989346.
2, 11, 61, 4463
List the prime factors of 472426.
2, 199, 1187
What are the prime factors of 4175207?
317, 13171
What are the prime factors of 1969170?
2, 3, 5, 7, 9377
What are the prime factors of 668837?
13, 51449
What are the prime factors of 1916082?
2, 3, 7, 37, 137
What are the prime factors of 6938538?
2, 3, 1156423
List the prime factors of 121642.
2, 60821
What are the prime factors of 1792032?
2, 3, 11, 1697
What are the prime factors of 414443?
17, 24379
List the prime factors of 205893.
3, 22877
What are the prime factors of 150272?
2, 587
What are the prime factors of 43678?
2, 21839
What are the prime factors of 1095340?
2, 5, 54767
List the prime factors of 216252.
2, 3, 6007
What are the prime factors of 4383502?
2, 47, 46633
What are the prime factors of 8448669?
3, 401, 2341
What are the prime factors of 11872821?
3, 41, 96527
What are the prime factors of 1796657?
1796657
List the prime factors of 11403175.
5, 7, 17, 3833
What are the prime factors of 13029960?
2, 3, 5, 23, 4721
List the prime factors of 8042613.
3, 67, 40013
What are the prime factors of 649060?
2, 5, 17, 23, 83
List the prime factors of 4212229.
7, 601747
What are the prime factors of 146913?
3, 13, 3767
What are the prime factors of 602186?
2, 13, 19, 23, 53
What are the prime factors of 4633778?
2, 587, 3947
List the prime factors of 7104367.
59, 120413
What are the prime factors of 9000474?
2, 3, 7, 214297
What are the prime factors of 235015?
5, 11, 4273
What are the prime factors of 212528?
2, 37, 359
List the prime factors of 25115696.
2, 1569731
What are the prime factors of 5247014?
2, 449, 5843
What are the prime factors of 196086?
2, 3, 11, 2971
List the prime factors of 277667.
13, 31, 53
List the prime factors of 3238613.
7, 462659
What are the prime factors of 527203?
527203
What are the prime factors of 257?
257
List the prime factors of 689490.
2, 3, 5, 47, 163
List the prime factors of 203480.
2, 5, 5087
List the prime factors of 48837.
3, 73, 223
What are the prime factors of 3516722?
2, 11, 17, 9403
List the prime factors of 280214.
2, 11, 47, 271
List the prime factors of 11361.
3, 7, 541
What are the prime factors of 777025?
5, 31081
What are the prime factors of 222071?
17, 13063
What are the prime factors of 1741537?
7, 23, 29, 373
What are the prime factors of 250076?
2, 101, 619
List the prime factors of 14641209.
3, 11, 49297
List the prime factors of 878361.
3, 11, 43, 619
List the prime factors of 5400572.
2, 31, 97, 449
What are the prime factors of 35327307?
3, 29, 239, 1699
List the prime factors of 895362.
2, 3, 13, 883
What are the prime factors of 1800?
2, 3, 5
What are the prime factors of 860353?
13, 17, 229
What are the prime factors of 14153980?
2, 5, 31, 37, 617
List the prime factors of 99128.
2, 12391
List the prime factors of 1736821.
1736821
List the prime factors of 3252893.
7, 464699
What are the prime factors of 4409690?
2, 5, 61, 7229
What are the prime factors of 452176?
2, 59, 479
What are the prime factors of 7564002?
2, 3, 659, 1913
What are the prime factors of 265662?
2, 3, 14759
List the prime factors of 12769.
113
List the prime factors of 3112969.
103, 30223
What are the prime factors of 2399080?
2, 5, 37, 1621
What are the prime factors of 1309818?
2, 3, 199, 1097
What are the prime factors of 1949024?
2, 7, 11, 113
What are the prime factors of 4044774?
2, 3, 223, 3023
List the prime factors of 268574.
2, 134287
What are the prime factors of 84241?
61, 1381
List the prime factors of 382626.
2, 3, 29, 733
What are the prime factors of 646470?
2, 3, 5, 11, 653
List the prime factors of 166553.
151, 1103
List the prime factors of 480585.
3, 5, 7, 23, 199
List the prime factors of 260361.
3, 9643
What are the prime factors of 296554?
2, 29, 5113
List the prime factors of 32870.
2, 5, 19, 173
List the prime factors of 232099.
7, 71, 467
What are the prime factors of 30744295?
5, 6148859
What are the prime factors of 3666392?
2, 19, 24121
What are the prime factors of 902225?
5, 151, 239
List the prime factors of 29004711.
3, 677, 14281
List the prime factors of 16931113.
16931113
What are the prime factors of 728034?
2, 3, 71, 1709
What are the prime factors of 10439421?
3, 3479807
List the prime factors of 131597.
17, 7741
List the prime factors of 20540270.
2, 5, 2054027
What are the prime factors of 16816773?
3, 113, 439
What are the prime factors of 2829674?
2, 1414837
List the prime factors of 48607.
13, 3739
List the prime factors of 3176389.
3176